e p(0). Let h = 1021 - r. What is the hundreds digit of h?
5
Let b be -8*(-1 - -3)/4. Suppose 4*y - 56 = -10*y. What is the units digit of 98 - -1*(-2)/(b/y)?
0
Suppose -s = 3*k - 3997 - 31124, 2*k = 2*s + 23422. What is the thousands digit of k?
1
Let o = -10376 + 24310. What is the hundreds digit of o?
9
Suppose 0 = 2*n - 4*p - 11 - 7, -4*p - 57 = -5*n. Let o = n + -52. Let x = 65 - o. What is the hundreds digit of x?
1
Suppose 2*n + f - 5 = 0, -5*f + 25 = -0*n + 3*n. Suppose n = -3*z + 294 + 54. What is the units digit of z?
6
Let b(j) = j**3 + 9*j**2 + 2*j + 3. Let u(g) = g**3 - 8*g**2 + 6*g - 17. Let f be u(7). Let n be (0 - 1/(-1))/(6/f). What is the tens digit of b(n)?
7
Suppose -3 - 1 = -2*s. Let d(b) = -25*b + 14*b + b**3 - b**s + 9*b + 58. What is the tens digit of d(0)?
5
Suppose 0 = 53*b - 279233 + 73911. What is the thousands digit of b?
3
Suppose -7*g + 3*g = 4*g - 115688. What is the thousands digit of g?
4
Suppose 4*l + 4*v + 6 = 2*v, -4*v - 12 = -4*l. Suppose 5*f + 2*s - 69 = -l*s, 2*s = 5*f - 61. Let p(h) = 8*h - 28. What is the units digit of p(f)?
6
Let v(s) = -s + 46. Let q be v(36). What is the hundreds digit of q/2 - (14 - 116)?
1
Let g(o) = -1 - 6*o + 0 + 4 - 98*o. What is the tens digit of g(-10)?
4
Let i(q) = -21 - q**3 + 29*q**2 + 23 + 65 + 8*q. What is the tens digit of i(29)?
9
Suppose 2*y - 5 = -5*q, 6*y - 42 = 3*y + 4*q. Let k(r) = -31*r**2 - 10. Let n(c) = 17*c**2 + 7. Let l(g) = -5*k(g) - 9*n(g). What is the units digit of l(y)?
7
Let q(a) = -a**2 - 2*a + 5. Let s be q(-6). Let d(r) = r**3 + 18*r**2 - 30*r - 59. What is the tens digit of d(s)?
5
What is the ten thousands digit of 170/(-34) + -3 + 38619?
3
Let f(u) = 46*u**2 - 10*u - 233. What is the tens digit of f(-11)?
4
Let s(o) = 5*o - 2*o - 1 - o - o**2 - 31*o**3 - 25*o**3. Let p be s(1). Let x = p - -163. What is the tens digit of x?
0
Let b = 23 + -20. Suppose 4*c + 4 = 0, -5*c + 2*c + b = -3*n. Let x(y) = -34*y + 2. What is the units digit of x(n)?
0
Let q(z) be the second derivative of 5/3*z**4 + 1/2*z**2 + 1/6*z**3 + 17*z + 0. What is the units digit of q(-1)?
0
Suppose 0*r = -4*r + 12, 2*r + 1272 = -3*h. Let a = h - -979. What is the hundreds digit of a?
5
Let y = -3 + -7. Let m = -369 - -377. Let p = m - y. What is the units digit of p?
8
Let k = -4 - -8. Let j = 111 + -45. Suppose j + 346 = k*g. What is the tens digit of g?
0
What is the tens digit of ((-18264)/30)/((-5)/50)?
8
Suppose 0*d - 2*d + 770 = 0. Let f = -269 + d. What is the tens digit of f?
1
Let z(w) be the second derivative of -41*w**3/6 - 4*w - 11. What is the units digit of z(-14)?
4
Let k(n) = -483*n - 2249. What is the thousands digit of k(-9)?
2
Suppose 0 = -2*p + 6, 2*p - 950 = 4*g - 0*p. Let c = g + 465. What is the tens digit of c?
2
Suppose -3*p - p - 4*f + 2332 = 0, 0 = -3*f - 9. Suppose 3*u - p = l, -21*l + 788 = 4*u - 19*l. What is the tens digit of u?
9
Suppose 2*u + 2*v - 1138 = 2064, 0 = 5*u + v - 8025. What is the units digit of u?
6
Let p(f) = -f**3 + 21*f**2 + 131*f + 10. What is the tens digit of p(24)?
2
Let h be (60/(-25))/(4/(-170)). Let z = h + -21. Suppose -3*m - 2*t = -160, -4*m - 2*t + z = -135. What is the units digit of m?
6
Let u = 47630 + -29654. What is the tens digit of u?
7
Let i = -2501 - -2843. What is the tens digit of i?
4
Let m(a) = 2*a**2 + 21*a + 4. Let s be m(-10). Let q be (-4)/s*18 - 5. Suppose 4*u + 5*y + 112 = q*u, 5*y + 54 = u. What is the tens digit of u?
2
What is the units digit of (-5)/(25/45) + 8364 + -10?
5
Suppose -11063 = -h + 2*a, -28*h + 33*h = -a + 55282. What is the tens digit of h?
5
Let s be 14/(-56) + (-1126)/8. What is the units digit of s/47 + 559/1?
6
Let y(a) = -74*a + 707. What is the hundreds digit of y(-17)?
9
Suppose 4*g + 8894 - 26010 = 0. What is the thousands digit of g?
4
Let w(s) = 39*s**2 - 19*s - 120. What is the thousands digit of w(-11)?
4
What is the thousands digit of 10/(-3)*-2661 + 188 + -179?
8
Let m(y) = -9*y**3 - 5*y**2 - 5*y + 6. Let x be m(-3). Let l = 489 - x. What is the units digit of l?
0
Suppose 0 = -3*b - 15, 12*q - 2*b = 16*q - 6. Suppose 920 = 4*o - q*d - 1656, 3200 = 5*o + 5*d. What is the units digit of o?
2
Suppose -o - 14*s + 23475 = -10*s, -2*s - 12 = 0. What is the tens digit of o?
9
Let k(t) = 182*t**2 + 1. Let o be k(1). Let f = o - 104. What is the units digit of f?
9
Suppose 0 = -97*x + 105*x. Let z(j) = -9 + 28 + 2*j + 6. What is the units digit of z(x)?
5
Suppose 14*y = 7*y + 49. Suppose -277 = y*l + 339. Let f = 204 + l. What is the hundreds digit of f?
1
Let z(v) = 3*v**3 + 431*v**2 - 67*v - 1350. What is the ten thousands digit of z(-143)?
4
Let l = -10283 + 14848. Suppose -10*i = -1965 - l. What is the tens digit of i?
5
Let i be (-8)/(-1 - (-588)/596). Let g = -191 + i. What is the hundreds digit of g?
4
Suppose -28*k + 29*k = 4. Suppose 0*h = -2*p - h + 377, k*p = -4*h + 760. What is the units digit of p?
7
What is the hundreds digit of -8 - (-1 - (-162201)/(-13))?
4
Suppose 18*m - 9 = -9. Suppose m = 16*j - 1074 - 2238. What is the units digit of j?
7
Let v be (-1102)/(-2) + 3 + 4/2. Let l = v + 77. What is the hundreds digit of l?
6
Let s(y) = 5*y**2 + 4*y + 4. Suppose 5*d + w + w = 20, 12 = 3*d + 3*w. Suppose d = -4*g - 2*n - 2*n, 0 = -3*g + 5*n - 27. What is the units digit of s(g)?
8
Let r(m) = 6*m + 22. Let x be r(-3). Let z be (-2)/(x + 10550/(-2635)). Suppose z = 4*p - 149. What is the units digit of p?
9
Suppose -12*a = -21 - 3. Suppose -a*h - 2*s + 564 = 0, s - 687 = -3*h + 157. What is the units digit of h?
1
Let d = 858 - -149. Let q = d + -279. What is the hundreds digit of q?
7
Let f(j) = 2*j**3 + 8*j**2 - 57. Let o be f(-8). Let m = -246 - o. What is the tens digit of m?
2
Let j(k) be the first derivative of k**4/2 + 37*k**3/3 + 13*k**2/2 - 6*k + 166. What is the hundreds digit of j(-16)?
0
Let d = 187 + -187. Suppose d = -t - 0*m - m + 202, 2*m + 796 = 4*t. What is the tens digit of t?
0
Suppose 0 = -4*j - 2*f - 4 + 6, 4*f = -4*j + 12. What is the tens digit of ((-4 - j) + 3)*266/2?
3
Suppose 4*x = -z + 53344, -6*x - x + z = -93363. What is the units digit of x?
7
Suppose 0 = -2*m - 5*h + 77913, -151*m + 77985 = -149*m - 3*h. What is the hundreds digit of m?
9
Suppose -23*u + 32*u = -1458. Let p = u - -299. What is the hundreds digit of p?
1
Suppose -9*m + 8*m + 374 = 0. Suppose 5*p + 180 = n, -2*n + 0*n + 3*p + m = 0. What is the hundreds digit of n?
1
Suppose 21*c - 4*b + 5 = 20*c, -9 = -3*c + 4*b. What is the units digit of 14*c/(-14) - -740?
3
Let j = -2 - -4. Suppose -286 = 3*d - 358. Suppose -3*n - 2*k - j = -4*k, 4*k = -4*n + d. What is the units digit of n?
2
Let c = 41875 - 1091. What is the hundreds digit of c?
7
Let y be 7/(-6 + -1)*(-1 - 1). Let i be (356*(y + (-20)/8))/(-2). What is the units digit of (-3 + 4)*3 + i?
2
Suppose 129*m + 29*m = 3390838. What is the units digit of m?
1
Let i = -34 + 39. Let b be (-3)/12*26*-2. Suppose 0 = -i*a + b*a - 472. What is the units digit of a?
9
Suppose -4*y + 80 = 20. Suppose -13*b = -y*b. Suppose -2*f + 291 = 5*i - b*i, 3*i + f - 175 = 0. What is the units digit of i?
9
Suppose 0*j + 4*j + 9945 = z, 3*z - 29843 = 4*j. Suppose -11*b = -z - 1491. What is the tens digit of b?
4
Suppose -b = -t + 1689 + 4543, 4*t + 2*b = 24922. Suppose t = 49*n - 18*n. What is the units digit of n?
1
What is the hundreds digit of 215138/5 + ((-1)/(-4))/((-25)/(-40))?
0
Suppose 0 = 17*j - 11*j - 108. Suppose 3*q + 30 = j. Let l = q + 28. What is the tens digit of l?
2
Let w(m) = 2*m**2 - 11*m + 10. Let y be w(15). Let t = 694 - y. What is the hundreds digit of t?
3
Suppose 4*j - 3230 = 5*y + 10613, -3457 = -j + 2*y. What is the hundreds digit of j?
4
Suppose 0 = -w + 32 - 25, -4*w = -3*s + 81065. What is the thousands digit of s?
7
Let u(g) = -g**2 + 8*g + 48. Let y be u(12). Suppose 1832 = 3*r + 3*s - 8*s, y = 2*r - 2*s - 1220. What is the hundreds digit of r?
6
Suppose 657 = -4*i - 387. Let p = i + 757. What is the tens digit of p?
9
Let s be (-9 - -14) + 346 + -2. Let p = 492 - s. What is the hundreds digit of p?
1
What is the thousands digit of (-154271 - 127)*(-4)/12?
1
Let v(x) = 24*x - 559. What is the tens digit of v(64)?
7
Suppose -2*g + 12 = 4*h - 6*g, -5*g - 7 = -h. Suppose -h*f + 0*f + 352 = 0. What is the uni